{"id":17,"date":"2024-10-25T21:38:28","date_gmt":"2024-10-25T19:38:28","guid":{"rendered":"https:\/\/www.novotnalenka.cz\/?page_id=17"},"modified":"2025-02-01T13:04:54","modified_gmt":"2025-02-01T12:04:54","slug":"o-me","status":"publish","type":"page","link":"https:\/\/www.novotnalenka.cz\/","title":{"rendered":"O mn\u011b"},"content":{"rendered":"<div class=\"wp-block-image\">\n<figure class=\"alignright size-full is-resized\"><img fetchpriority=\"high\" decoding=\"async\" width=\"1280\" height=\"1707\" src=\"https:\/\/www.novotnalenka.cz\/wp-content\/uploads\/2024\/11\/IMG_20230721_164341-edited.jpg\" alt=\"\" class=\"wp-image-97\" style=\"width:277px;height:auto\" srcset=\"https:\/\/www.novotnalenka.cz\/wp-content\/uploads\/2024\/11\/IMG_20230721_164341-edited.jpg 1280w, https:\/\/www.novotnalenka.cz\/wp-content\/uploads\/2024\/11\/IMG_20230721_164341-edited-225x300.jpg 225w, https:\/\/www.novotnalenka.cz\/wp-content\/uploads\/2024\/11\/IMG_20230721_164341-edited-768x1024.jpg 768w, https:\/\/www.novotnalenka.cz\/wp-content\/uploads\/2024\/11\/IMG_20230721_164341-edited-1152x1536.jpg 1152w\" sizes=\"(max-width: 1280px) 100vw, 1280px\" \/><figcaption class=\"wp-element-caption\">mde<\/figcaption><\/figure>\n<\/div>\n\n\n<p><em>Motto: &#8222;Nejt\u011b\u017e\u0161\u00ed ztr\u00e1ta je ztr\u00e1ta vlastn\u00edho j\u00e1&#8220;<\/em><\/p>\n\n\n\n<p>Profes\u00ed jsem l\u00e9ka\u0159ka psychiatrie a psychoterapeutka. Krom\u011b toho jsem m\u00e1ma t\u0159\u00ed d\u011bt\u00ed a prost\u011b \u010dlov\u011bk, co m\u00e1 r\u00e1d p\u0159\u00edrodu, \u017eivot a lidi.<\/p>\n\n\n\n<p>Jako psychiatr se specializuji na l\u00e9\u010dbu klient\u016f s v\u00e1\u017enou du\u0161evn\u00ed nemoc\u00ed komplikovanou trestnou \u010dinnost\u00ed a \u010dasto i zku\u0161enostmi s n\u00e1vykov\u00fdmi l\u00e1tkami. Pracujeme v multioborov\u00e9m sch\u00e9matu, na\u0161\u00edm c\u00edlem je za pomoci farmakoterapie, psychoterapie a soci\u00e1ln\u00ed pr\u00e1ce pomoci klientovi naj\u00edt cestu k n\u00e1vratu do spole\u010dnosti a k sob\u011b sam\u00e9mu. Krom\u011b toho m\u00e1m samoz\u0159ejm\u011b praxi ve veden\u00ed pacient\u016f se v\u0161emi du\u0161evn\u00edmi poruchami v\u010detn\u011b gerontoklientely.<\/p>\n\n\n\n<p>Jako psychoterapeut se v\u011bnuji v\u0161em dosp\u011bl\u00fdm klient\u016fm, kter\u00e9 akutn\u011b \u010di dlouhodob\u011b tr\u00e1p\u00ed du\u0161evn\u00ed obt\u00ed\u017ee, bolesti du\u0161e, ztratili nad\u011bji \u010di sm\u011br na svoj\u00ed \u017eivotn\u00ed cest\u011b, pot\u00fdkaj\u00ed se s p\u0159ek\u00e1\u017ekami, kter\u00e9 jsou nad jejich s\u00edly. A to jak t\u011bm, kte\u0159\u00ed jsou vedeni s psychiatrickou diagn\u00f3zou, tak v\u0161em ostatn\u00edm.<\/p>\n\n\n\n<p>Terapeuticky se v\u011bnuji i pacient\u016fm s v\u00e1\u017en\u011bj\u0161\u00edmi du\u0161evn\u00edmi chorobami typu psych\u00f3z, l\u00e9\u010db\u011b disociativn\u00edch poruch, r\u016fzn\u00fdch typ\u016f \u00fazkostn\u00fdch poruch, zvl\u00e1d\u00e1n\u00ed stresov\u00fdch a traumatick\u00fdch ud\u00e1lost\u00ed \u017eivota a poruch sp\u00e1nku. Krom\u011b individu\u00e1ln\u00ed psychoterapie nab\u00edz\u00edm klient\u016fm n\u00e1cvik autogenn\u00edho tr\u00e9ninku, dechov\u00fdch cvi\u010den\u00ed, sp\u00e1nkov\u00e9 hygieny, du\u0161evn\u00ed hygieny. Nev\u011bnuji se terapii z\u00e1vislost\u00ed a poruch p\u0159\u00edjmu potravy.<\/p>\n\n\n\n<p>Jsem dlouholetou \u010dlenkou \u010cesk\u00e9 psychoterapeutick\u00e9 spole\u010dnosti \u010cLS JEP a hypnoterapeutick\u00e9 sekce \u010cLS JEP.<\/p>\n\n\n\n<p><\/p>\n\n\n\n<p><span style=\"text-decoration: underline;\">Vzd\u011bl\u00e1n\u00ed a kvalifikace:<\/span><\/p>\n\n\n\n<p>1996-2000 L\u00e9ka\u0159sk\u00e1 fakulta Univerzity Karlovy v Plzni, obor v\u0161eobecn\u00e9 l\u00e9ka\u0159stv\u00ed<\/p>\n\n\n\n<p>2009-2011 Studium grafologie a psychologie p\u0159i \u010cesk\u00e9 grafologick\u00e9 komo\u0159e, z\u00e1kladn\u00ed teoreticko \u2013 odborn\u00e1 \u010d\u00e1st<\/p>\n\n\n\n<p>2012-2018 Atesta\u010dn\u00ed p\u0159\u00edprava a atestace v oboru v\u0161eobecn\u00e1 psychiatrie<\/p>\n\n\n\n<p>2016-2021 Psychoterapeutick\u00fd v\u00fdcvik \u2013 Strategick\u00e1 a systemick\u00e1 kooperativn\u00ed a komunika\u010dn\u00ed psychoterapie a hypnoterapie od Miltona H. Ericksona<\/p>\n\n\n\n<p>2019 Kurz klinick\u00e9 hypn\u00f3zy I<\/p>\n\n\n\n<p>2022 Kurz klinick\u00e9 hypn\u00f3zy II<\/p>\n\n\n\n<p>Zku\u0161enosti a praxe v oboru psychiatrie a psychoterapie<\/p>\n\n\n\n<p>2012 &#8211; dosud L\u00e9ka\u0159ka v Psychiatrick\u00e9 nemocnici Havl\u00ed\u010dk\u016fv Brod<\/p>\n\n\n\n<p>2017 \u2013 dosud Soukrom\u00e1 psychoterapeutick\u00e1 praxe-psychoterapeutick\u00e9 poradenstv\u00ed<\/p>\n\n\n\n<p><span style=\"text-decoration: underline;\">Dal\u0161\u00ed kurzy a vzd\u011bl\u00e1v\u00e1n\u00ed<\/span><\/p>\n\n\n\n<p>2010 \u00davod do Satiterapie<\/p>\n\n\n\n<p>2011 T\u011blesn\u011b zakotven\u00e9 pro\u017e\u00edv\u00e1n\u00ed Fokusing I<\/p>\n\n\n\n<p>2012 Muzikoterapie a pohybov\u00e1 terapie<\/p>\n\n\n\n<p>2015 Moving self in psychotherapy<\/p>\n\n\n\n<p>2019 Psychoedukace u schizofrenie: Teorie a praxe<\/p>\n","protected":false},"excerpt":{"rendered":"<p>Motto: &#8222;Nejt\u011b\u017e\u0161\u00ed ztr\u00e1ta je ztr\u00e1ta vlastn\u00edho j\u00e1&#8220; Profes\u00ed jsem l\u00e9ka\u0159ka psychiatrie a psychoterapeutka. Krom\u011b toho jsem m\u00e1ma t\u0159\u00ed d\u011bt\u00ed a prost\u011b \u010dlov\u011bk, co m\u00e1 r\u00e1d p\u0159\u00edrodu, \u017eivot a lidi. Jako psychiatr se specializuji na l\u00e9\u010dbu klient\u016f s v\u00e1\u017enou du\u0161evn\u00ed nemoc\u00ed&#8230; <a class=\"more-link\" href=\"https:\/\/www.novotnalenka.cz\/\">Pokra\u010dovat ve \u010dten\u00ed &rarr;<\/a><\/p>\n","protected":false},"author":1,"featured_media":0,"parent":0,"menu_order":0,"comment_status":"closed","ping_status":"closed","template":"","meta":{"footnotes":""},"class_list":["post-17","page","type-page","status-publish","hentry"],"_links":{"self":[{"href":"https:\/\/www.novotnalenka.cz\/index.php?rest_route=\/wp\/v2\/pages\/17","targetHints":{"allow":["GET"]}}],"collection":[{"href":"https:\/\/www.novotnalenka.cz\/index.php?rest_route=\/wp\/v2\/pages"}],"about":[{"href":"https:\/\/www.novotnalenka.cz\/index.php?rest_route=\/wp\/v2\/types\/page"}],"author":[{"embeddable":true,"href":"https:\/\/www.novotnalenka.cz\/index.php?rest_route=\/wp\/v2\/users\/1"}],"replies":[{"embeddable":true,"href":"https:\/\/www.novotnalenka.cz\/index.php?rest_route=%2Fwp%2Fv2%2Fcomments&post=17"}],"version-history":[{"count":6,"href":"https:\/\/www.novotnalenka.cz\/index.php?rest_route=\/wp\/v2\/pages\/17\/revisions"}],"predecessor-version":[{"id":297,"href":"https:\/\/www.novotnalenka.cz\/index.php?rest_route=\/wp\/v2\/pages\/17\/revisions\/297"}],"wp:attachment":[{"href":"https:\/\/www.novotnalenka.cz\/index.php?rest_route=%2Fwp%2Fv2%2Fmedia&parent=17"}],"curies":[{"name":"wp","href":"https:\/\/api.w.org\/{rel}","templated":true}]}}

O mně

<div class="wp-block-image">
<figure class="alignright size-full is-resized"><img fetchpriority="high" decoding="async" width="1280" height="1707" src="https://www.novotnalenka.cz/wp-content/uploads/2024/11/IMG_20230721_164341-edited.jpg" alt="" class="wp-image-97" style="width:277px;height:auto" srcset="https://www.novotnalenka.cz/wp-content/uploads/2024/11/IMG_20230721_164341-edited.jpg 1280w, https://www.novotnalenka.cz/wp-content/uploads/2024/11/IMG_20230721_164341-edited-225x300.jpg 225w, https://www.novotnalenka.cz/wp-content/uploads/2024/11/IMG_20230721_164341-edited-768x1024.jpg 768w, https://www.novotnalenka.cz/wp-content/uploads/2024/11/IMG_20230721_164341-edited-1152x1536.jpg 1152w" sizes="(max-width: 1280px) 100vw, 1280px" /><figcaption class="wp-element-caption">mde</figcaption></figure>
</div>


<p><em>Motto: &#8222;Nejtěžší ztráta je ztráta vlastního já&#8220;</em></p>



<p>Profesí jsem lékařka psychiatrie a psychoterapeutka. Kromě toho jsem máma tří dětí a prostě člověk, co má rád přírodu, život a lidi.</p>



<p>Jako psychiatr se specializuji na léčbu klientů s vážnou duševní nemocí komplikovanou trestnou činností a často i zkušenostmi s návykovými látkami. Pracujeme v multioborovém schématu, naším cílem je za pomoci farmakoterapie, psychoterapie a sociální práce pomoci klientovi najít cestu k návratu do společnosti a k sobě samému. Kromě toho mám samozřejmě praxi ve vedení pacientů se všemi duševními poruchami včetně gerontoklientely.</p>



<p>Jako psychoterapeut se věnuji všem dospělým klientům, které akutně či dlouhodobě trápí duševní obtíže, bolesti duše, ztratili naději či směr na svojí životní cestě, potýkají se s překážkami, které jsou nad jejich síly. A to jak těm, kteří jsou vedeni s psychiatrickou diagnózou, tak všem ostatním.</p>



<p>Terapeuticky se věnuji i pacientům s vážnějšími duševními chorobami typu psychóz, léčbě disociativních poruch, různých typů úzkostných poruch, zvládání stresových a traumatických událostí života a poruch spánku. Kromě individuální psychoterapie nabízím klientům nácvik autogenního tréninku, dechových cvičení, spánkové hygieny, duševní hygieny. Nevěnuji se terapii závislostí a poruch příjmu potravy.</p>



<p>Jsem dlouholetou členkou České psychoterapeutické společnosti ČLS JEP a hypnoterapeutické sekce ČLS JEP.</p>



<p></p>



<p><span style="text-decoration: underline;">Vzdělání a kvalifikace:</span></p>



<p>1996-2000 Lékařská fakulta Univerzity Karlovy v Plzni, obor všeobecné lékařství</p>



<p>2009-2011 Studium grafologie a psychologie při České grafologické komoře, základní teoreticko – odborná část</p>



<p>2012-2018 Atestační příprava a atestace v oboru všeobecná psychiatrie</p>



<p>2016-2021 Psychoterapeutický výcvik – Strategická a systemická kooperativní a komunikační psychoterapie a hypnoterapie od Miltona H. Ericksona</p>



<p>2019 Kurz klinické hypnózy I</p>



<p>2022 Kurz klinické hypnózy II</p>



<p>Zkušenosti a praxe v oboru psychiatrie a psychoterapie</p>



<p>2012 &#8211; dosud Lékařka v Psychiatrické nemocnici Havlíčkův Brod</p>



<p>2017 – dosud Soukromá psychoterapeutická praxe-psychoterapeutické poradenství</p>



<p><span style="text-decoration: underline;">Další kurzy a vzdělávání</span></p>



<p>2010 Úvod do Satiterapie</p>



<p>2011 Tělesně zakotvené prožívání Fokusing I</p>



<p>2012 Muzikoterapie a pohybová terapie</p>



<p>2015 Moving self in psychotherapy</p>



<p>2019 Psychoedukace u schizofrenie: Teorie a praxe</p>

<p>Motto: &#8222;Nejtěžší ztráta je ztráta vlastního já&#8220; Profesí jsem lékařka psychiatrie a psychoterapeutka. Kromě toho jsem máma tří dětí a prostě člověk, co má rád přírodu, život a lidi. Jako psychiatr se specializuji na léčbu klientů s vážnou duševní nemocí&#8230; <a class="more-link" href="https://www.novotnalenka.cz/">Pokračovat ve čtení &rarr;</a></p>
