{"id":23,"date":"2024-10-25T21:41:10","date_gmt":"2024-10-25T19:41:10","guid":{"rendered":"https:\/\/www.novotnalenka.cz\/?page_id=23"},"modified":"2025-01-10T17:57:03","modified_gmt":"2025-01-10T16:57:03","slug":"kontakty","status":"publish","type":"page","link":"https:\/\/www.novotnalenka.cz\/?page_id=23","title":{"rendered":"Kontakty"},"content":{"rendered":"\n<p>MUDr. Lenka Novotn\u00e1<\/p>\n\n\n\n<p>Telefon: 720 294 821 <\/p>\n\n\n\n<p>Email: mudr.lenka.novotna(zavin\u00e1\u010d)centrum.cz<\/p>\n\n\n\n<p>I\u010cO:06869661<\/p>\n\n\n\n<p>Adresa m\u00edstnosti pro psychoterapii:<\/p>\n\n\n\n<p><strong>Poradna 1: 5. kv\u011btna 510, Zru\u010d nad S\u00e1zavou (Sd\u00edlen\u00e1 kancel\u00e1\u0159 ve Spolkov\u00e9m dom\u011b)<\/strong><\/p>\n\n\n\n<figure class=\"wp-block-image size-large\"><img fetchpriority=\"high\" decoding=\"async\" width=\"2560\" height=\"1441\" src=\"https:\/\/www.novotnalenka.cz\/wp-content\/uploads\/2025\/01\/IMG_20241121_180623-edited-scaled.jpg\" alt=\"\" class=\"wp-image-172\" srcset=\"https:\/\/www.novotnalenka.cz\/wp-content\/uploads\/2025\/01\/IMG_20241121_180623-edited-scaled.jpg 2560w, https:\/\/www.novotnalenka.cz\/wp-content\/uploads\/2025\/01\/IMG_20241121_180623-edited-300x169.jpg 300w, https:\/\/www.novotnalenka.cz\/wp-content\/uploads\/2025\/01\/IMG_20241121_180623-edited-1024x577.jpg 1024w, https:\/\/www.novotnalenka.cz\/wp-content\/uploads\/2025\/01\/IMG_20241121_180623-edited-768x432.jpg 768w, https:\/\/www.novotnalenka.cz\/wp-content\/uploads\/2025\/01\/IMG_20241121_180623-edited-1536x865.jpg 1536w, https:\/\/www.novotnalenka.cz\/wp-content\/uploads\/2025\/01\/IMG_20241121_180623-edited-2048x1153.jpg 2048w\" sizes=\"(max-width: 2560px) 100vw, 2560px\" \/><\/figure>\n\n\n\n<p><\/p>\n\n\n\n<p><strong>Poradna 2: Psychiatrick\u00e1 nemocnice Havl\u00ed\u010dk\u016fv Brod, odd. 1A<\/strong><\/p>\n\n\n\n<figure class=\"wp-block-image size-large\"><img decoding=\"async\" width=\"2560\" height=\"1441\" src=\"https:\/\/www.novotnalenka.cz\/wp-content\/uploads\/2025\/01\/IMG_20250107_083958-edited-scaled.jpg\" alt=\"\" class=\"wp-image-174\" srcset=\"https:\/\/www.novotnalenka.cz\/wp-content\/uploads\/2025\/01\/IMG_20250107_083958-edited-scaled.jpg 2560w, https:\/\/www.novotnalenka.cz\/wp-content\/uploads\/2025\/01\/IMG_20250107_083958-edited-300x169.jpg 300w, https:\/\/www.novotnalenka.cz\/wp-content\/uploads\/2025\/01\/IMG_20250107_083958-edited-1024x577.jpg 1024w, https:\/\/www.novotnalenka.cz\/wp-content\/uploads\/2025\/01\/IMG_20250107_083958-edited-768x432.jpg 768w, https:\/\/www.novotnalenka.cz\/wp-content\/uploads\/2025\/01\/IMG_20250107_083958-edited-1536x865.jpg 1536w, https:\/\/www.novotnalenka.cz\/wp-content\/uploads\/2025\/01\/IMG_20250107_083958-edited-2048x1153.jpg 2048w\" sizes=\"(max-width: 2560px) 100vw, 2560px\" \/><\/figure>\n","protected":false},"excerpt":{"rendered":"<p>MUDr. Lenka Novotn\u00e1 Telefon: 720 294 821 Email: mudr.lenka.novotna(zavin\u00e1\u010d)centrum.cz I\u010cO:06869661 Adresa m\u00edstnosti pro psychoterapii: Poradna 1: 5. kv\u011btna 510, Zru\u010d nad S\u00e1zavou (Sd\u00edlen\u00e1 kancel\u00e1\u0159 ve Spolkov\u00e9m dom\u011b) Poradna 2: Psychiatrick\u00e1 nemocnice Havl\u00ed\u010dk\u016fv Brod, odd. 1A<\/p>\n","protected":false},"author":1,"featured_media":0,"parent":0,"menu_order":0,"comment_status":"closed","ping_status":"closed","template":"","meta":{"footnotes":""},"class_list":["post-23","page","type-page","status-publish","hentry"],"_links":{"self":[{"href":"https:\/\/www.novotnalenka.cz\/index.php?rest_route=\/wp\/v2\/pages\/23","targetHints":{"allow":["GET"]}}],"collection":[{"href":"https:\/\/www.novotnalenka.cz\/index.php?rest_route=\/wp\/v2\/pages"}],"about":[{"href":"https:\/\/www.novotnalenka.cz\/index.php?rest_route=\/wp\/v2\/types\/page"}],"author":[{"embeddable":true,"href":"https:\/\/www.novotnalenka.cz\/index.php?rest_route=\/wp\/v2\/users\/1"}],"replies":[{"embeddable":true,"href":"https:\/\/www.novotnalenka.cz\/index.php?rest_route=%2Fwp%2Fv2%2Fcomments&post=23"}],"version-history":[{"count":5,"href":"https:\/\/www.novotnalenka.cz\/index.php?rest_route=\/wp\/v2\/pages\/23\/revisions"}],"predecessor-version":[{"id":175,"href":"https:\/\/www.novotnalenka.cz\/index.php?rest_route=\/wp\/v2\/pages\/23\/revisions\/175"}],"wp:attachment":[{"href":"https:\/\/www.novotnalenka.cz\/index.php?rest_route=%2Fwp%2Fv2%2Fmedia&parent=23"}],"curies":[{"name":"wp","href":"https:\/\/api.w.org\/{rel}","templated":true}]}}